f 105?
0
What is the thousands digit of 29303?
9
What is the hundreds digit of 30285?
2
What is the hundreds digit of 6188?
1
What is the tens digit of 18976?
7
What is the tens digit of 14310?
1
What is the thousands digit of 12060?
2
What is the ten thousands digit of 80999?
8
What is the units digit of 6?
6
What is the units digit of 31423?
3
What is the units digit of 5396?
6
What is the thousands digit of 33319?
3
What is the hundreds digit of 105989?
9
What is the units digit of 10891?
1
What is the ten thousands digit of 11290?
1
What is the tens digit of 14525?
2
What is the tens digit of 538?
3
What is the tens digit of 946?
4
What is the thousands digit of 48385?
8
What is the tens digit of 4875?
7
What is the tens digit of 154?
5
What is the hundreds digit of 14712?
7
What is the thousands digit of 35150?
5
What is the hundreds digit of 826?
8
What is the units digit of 1964?
4
What is the hundreds digit of 434?
4
What is the hundreds digit of 277?
2
What is the units digit of 7016?
6
What is the hundreds digit of 189366?
3
What is the thousands digit of 80184?
0
What is the units digit of 1210?
0
What is the ten thousands digit of 70724?
7
What is the units digit of 12741?
1
What is the tens digit of 34381?
8
What is the thousands digit of 34559?
4
What is the tens digit of 14459?
5
What is the units digit of 2641?
1
What is the units digit of 333?
3
What is the hundreds digit of 533?
5
What is the tens digit of 402?
0
What is the tens digit of 8075?
7
What is the hundreds digit of 57092?
0
What is the tens digit of 1340?
4
What is the hundreds digit of 29853?
8
What is the units digit of 4332?
2
What is the tens digit of 280?
8
What is the units digit of 823?
3
What is the units digit of 2799?
9
What is the tens digit of 187?
8
What is the hundreds digit of 32761?
7
What is the tens digit of 1937?
3
What is the tens digit of 18339?
3
What is the units digit of 335?
5
What is the hundreds digit of 12348?
3
What is the hundreds digit of 5285?
2
What is the thousands digit of 95542?
5
What is the hundreds digit of 29812?
8
What is the thousands digit of 17535?
7
What is the hundreds digit of 175?
1
What is the thousands digit of 3987?
3
What is the tens digit of 2817?
1
What is the hundreds digit of 6649?
6
What is the thousands digit of 8677?
8
What is the tens digit of 73?
7
What is the hundreds digit of 689?
6
What is the hundreds digit of 4341?
3
What is the ten thousands digit of 48134?
4
What is the hundreds digit of 196?
1
What is the tens digit of 3272?
7
What is the units digit of 33820?
0
What is the units digit of 10005?
5
What is the hundreds digit of 188?
1
What is the hundreds digit of 7302?
3
What is the units digit of 3657?
7
What is the hundred thousands digit of 109721?
1
What is the units digit of 478?
8
What is the tens digit of 2644?
4
What is the thousands digit of 99310?
9
What is the hundreds digit of 9818?
8
What is the units digit of 3911?
1
What is the thousands digit of 20961?
0
What is the thousands digit of 3953?
3
What is the thousands digit of 94242?
4
What is the hundreds digit of 601?
6
What is the hundreds digit of 945?
9
What is the units digit of 1598?
8
What is the units digit of 252?
2
What is the units digit of 623?
3
What is the hundreds digit of 25830?
8
What is the tens digit of 428?
2
What is the tens digit of 58?
5
What is the hundreds digit of 2742?
7
What is the thousands digit of 2995?
2
What is the tens digit of 57?
5
What is the tens digit of 4409?
0
What is the ten thousands digit of 11335?
1
What is the tens digit of 212?
1
What is the hundreds digit of 8060?
0
What is the ten thousands digit of 16745?
1
What is the thousands digit of 1452?
1
What is the thousands digit of 112397?
2
What is the thousands digit of 3183?
3
What is the units digit of 982?
2
What is the thousands digit of 1456?
1
What is the hundreds digit of 9579?
5
What is the thousands digit of 1686?
1
What is the ten thousands digit of 55133?
5
What is the hundreds digit of 3118?
1
What is the hundreds digit of 1445?
4
What is the hundreds digit of 8771?
7
What is the hundreds digit of 15556?
5
What is the ten thousands digit of 98450?
9
What is the thousands digit of 5743?
5
What is the thousands digit of 3297?
3
What is the units digit of 64701?
1
What is the units digit of 84707?
7
What is the hundreds digit of 9070?
0
What is the ten thousands digit of 10029?
1
What is the ten thousands digit of 15870?
1
What is the ten thousands digit of 19961?
1
What is the ten thousands digit of 35986?
3
What is the units digit of 12654?
4
What is the thousands digit of 34115?
4
What is the hundreds digit of 7940?
9
What is the units digit of 34910?
0
What is the hundreds digit of 2442?
4
What is the tens digit of 68464?
6
What is the thousands digit of 1531?
1
What is the hundreds digit of 24828?
8
What is the tens digit of 25301?
0
What is the tens digit of 36453?
5
What is the thousands digit of 3159?
3
What is the hundreds digit of 928?
9
What is the ten thousands digit of 43830?
4
What is the units digit of 137020?
0
What is the tens digit of 6025?
2
What is the units digit of 8964?
4
What is the tens digit of 49?
4
What is the ten thousands digit of 187815?
8
What is the tens digit of 124590?
9
What is the tens digit of 10444?
4
What is the hundreds digit of 38835?
8
What is the tens digit of 2534?
3
What is the ten thousands digit of 24730?
2
What is the hundreds digit of 171?
1
What is the hundreds digit of 3542?
5
What is the tens digit of 33945?
4
What is the hundreds digit of 2311?
3
What is the units digit of 16748?
8
What is the ten thousands digit of 22173?
2
What is the thousands digit of 8129?
8
What is the tens digit of 703?
0
What is the units digit of 133641?
1
What is the units digit of 5977?
7
What is the thousands digit of 2275?
2
What is the tens digit of 2576?
7
What is the hundreds digit of 15674?
6
What is the hundreds digit of 832?
8
What is the units digit of 11824?
4
What is the tens digit of 1097?
9
What is the thousands digit of 70238?
0
What is the hundreds digit of 86151?
1
What is the units digit of 6451?
1
What is the tens digit of 136289?
8
What is the hundreds digit of 806?
8
What is the ten thousands digit of 12419?
1
What is the thousands digit of 4228?
4
What is the hundreds digit of 875?
8
What is the units digit of 171?
1
What is the units digit of 81835?
5
What is the hundreds digit of 8124?
1
What is the hundreds digit of 1692?
6
What is the hundreds digit of 3169?
1
What is the hundreds digit of 722?
7
What is the units digit of 35474?
4
What is the hundreds digit of 820?
8
What is the thousands digit of 1884?
1
What is the ten thousands digit of 18546?
1
What is the units digit of 2689?
9
What is the hundreds digit of 421?
4
What is the hundreds digit of 7737?
7
What is the thousands digit of 1581?
1
What is the hundreds digit of 1649?
6
What is the units digit of 968?
8
What is the units digit of 8983?
3
What is the ten thousands digit of 32088?
3
What is the thousands digit of 14039?
4
What is the hundreds digit of 4391?
3
What is the thousands digit of 19839?
9
What is the units digit of 36277?
7
What is the thousands digit of 98729?
8
What is the hundreds digit of 1605?
6
What is the hundreds digit of 5184?
1
What is the thousands digit of 1633?
1
What is the hundreds digit of 573?
5
What is the thousands digit of 1281?
1
What is the ten thousands digit of 19751?
1
What is the hundreds digit of 1950?
9
What is the tens digit of 1708?
0
What is the hundreds digit of 480?
4
What is the tens digit of 403?
0
What is the tens digit of 476?
7
What is the thousands digit of 11292?
1
What is the tens digit of 2842?
4
What is the units digit of 75?
5
What is the ten thousands digit of 133820?
3
What is the tens digit of 19530?
3
What is the hundred thousands digit of 112456?
1
What is the tens digit of 21373?
7
What is the hundreds digit of 7307?
3
What is the hundreds digit of 6465?
4
What is the units digit of 2165?
5
What is the thousands digit of 62804?
2
What is the units digit of 1085?
5
What is the units digit of 2373?
3
What is the ten thousands digit of 35840?
3
What is the hundreds digit of 14388?
3
What is the tens digit of 3577?
7
What is the thousands digit of 6167?
6